*a - 2*x. Calculate the greatest common factor of 16 and a.
16
Let n(g) = -516*g**3 - 4*g**2 - 5*g - 1. Let a be n(-1). What is the highest common divisor of 48 and a?
12
Suppose 0 = 5*s + 2*p - 3, -s = -9*s + 4*p + 12. What is the highest common factor of s and 881?
1
Let m(w) = -29*w - 156. Let x be m(-8). Suppose 412*p - x = 408*p. Suppose 0 = 2*o - 25 - 13. Calculate the greatest common divisor of p and o.
19
Let u(z) = 1143*z - 259. Let y be u(3). What is the greatest common divisor of y and 30?
10
Let n(l) = -l**3 - 5*l**2 + l + 15. Suppose 0*f + 3*w - 6 = 2*f, 3*f + 20 = -w. Let i be n(f). Let d = i + -15. What is the greatest common divisor of 12 and d?
6
Let c(k) = 4*k**2 + 35*k + 89. Let t(l) = 5*l**2 + 36*l + 87. Let p(j) = 6*c(j) - 5*t(j). Let f be p(30). Calculate the highest common divisor of f and 22.
11
Let r = 662 - 442. Let f = r + -210. What is the highest common divisor of f and 8?
2
Suppose -2*y + 314 = 3*b, -9*b + 11*b + 274 = 2*y. Suppose x + 62 = 3*x + 4*v, x - 33 = -4*v. Calculate the highest common divisor of x and y.
29
Let s be ((-15)/10)/(-7 + 287/42). Let n(d) = d**3 + 4*d**2 - 2*d - 3. Let u be n(-3). Calculate the highest common factor of s and u.
3
Suppose -5*q + 3*b - 6*b + 2871 = 0, -2*q + 5*b = -1167. What is the greatest common factor of q and 27?
9
Let o be (-1)/3*(19 - 1). Let c(s) = 2*s**2 - 18*s. Let g be c(o). What is the greatest common factor of g and 20?
20
Let j = -6651 - -6734. What is the highest common factor of j and 15604?
83
Suppose y = 4*d - 2*y - 924, d = y + 230. Suppose 10 = 2*m + 3*m, 2*t + m = d. Calculate the highest common divisor of 4 and t.
4
Let p(r) = 13*r + 37. Suppose u - 25 = -w, -140 = -4*w - 3*u - 41. Let m be w/10*45/12. Let d be p(m). What is the highest common divisor of 14 and d?
14
Suppose -41*x = -2*h - 43*x + 36352, 0 = 4*x - 4. What is the greatest common divisor of 25 and h?
25
Suppose 465 + 445 = -123*n + 214*n. Calculate the greatest common divisor of n and 1985.
5
Let y(r) = 56*r**2 - 120*r + 456. Let g be y(0). Let u be 1/(-3) - (-172)/3. What is the highest common factor of u and g?
57
Suppose -17*g + 49929 = -74409. Calculate the greatest common divisor of g and 106.
106
Suppose -2*f - 3*f = 5*g - 100, 0 = -5*f - 2*g + 100. Suppose -2*x + x + 3*z = -61, 0 = 5*z - f. Let t = x - 48. What is the greatest common factor of t and 10?
5
Suppose 4*y + l = 698, -17*y + 3*l + 228 + 2782 = 0. Let w = -67 + 177. Calculate the highest common divisor of w and y.
22
Let i(j) = j + 108. Let f be (-30)/(-2) + (-2 - 4). Let v be i(f). Calculate the greatest common factor of 9 and v.
9
Let k(r) = -7*r + 86. Let z(n) = -7*n + 85. Let b(u) = 5*k(u) - 4*z(u). Let l be b(11). What is the greatest common factor of l and 351?
13
Let t(w) = 0*w**2 - 3*w**2 + 2*w**2 + 2*w - 5*w**2 - 2*w**3 - 12. Let v be t(-5). Calculate the greatest common divisor of v and 39.
39
Suppose 0 = -3*n - 2*i + 170029, 1325 = 2*i + 1333. Calculate the greatest common divisor of 21 and n.
21
Let n = 6422 - 3154. Calculate the greatest common factor of 129 and n.
43
Let w(j) = 5*j**2 - 49*j + 9 + 23*j + 28*j. Let k be w(-5). Calculate the greatest common divisor of 4 and k.
4
Let r = -160 + 159. Let v be (328/24)/((1/(-3))/r). What is the greatest common divisor of v and 82?
41
Suppose 34*o + 84 = 41*o. Let w be (13 + -8)*(o/5)/3. What is the greatest common divisor of w and 76?
4
Let k be (-152)/(-56) + (-141)/21 + 7. Calculate the greatest common divisor of k and 501.
3
Suppose -4*p + 8 = -24, 2*r + 5*p = 5032. Calculate the highest common factor of 16 and r.
16
Suppose 8372 - 5775 = 43*r - 6863. Suppose 135 + 30 = 3*f. What is the highest common divisor of f and r?
55
Let q = 53 - 30. Let o = 1 - -1. Suppose -25*v = -q*v - o. Calculate the greatest common factor of v and 5.
1
Suppose -i - 16 = -5*m - 0, -6*i + 4 = -5*m. Suppose -i*w = -5*y + 225 - 61, -4*w + 156 = 5*y. What is the greatest common factor of 8 and y?
8
Let t(b) = 5*b**2 - 165*b - 653. Let y be t(-4). What is the greatest common factor of y and 232?
29
Let w = -1 + 2. Suppose -52*i + 58*i = -72. Let y be -42*(i/8)/w. Calculate the highest common factor of 9 and y.
9
Suppose -135 = 15*s - 20*s. Let i be ((-109116)/(-48))/21 + (-1)/4. Calculate the greatest common factor of i and s.
27
Let q(i) = 99*i**3 + 7*i**2 - 14*i + 27. Let g be q(2). What is the greatest common factor of 189 and g?
63
Suppose 0 = -3*g + 33. Suppose -3*v = 14 - g. Let w be (v + -1)*(-15)/2. What is the highest common divisor of w and 15?
15
Let z = 68811 - 68781. Let k(x) = x**2 + 3*x + 1. Let a be k(-6). Suppose -a = -3*m + 17. What is the greatest common factor of m and z?
6
Suppose 0 = -26*k - 138*k + 170560. Calculate the greatest common divisor of k and 560.
80
Suppose 200*p + 7431 = 57023 + 28408. What is the greatest common divisor of p and 546?
78
Let h = 79 + -49. Suppose -3*z = 5*n + 56, z = -n - 8 - 8. Let v(k) = -3*k - 30. Let y be v(z). What is the greatest common factor of y and h?
6
Let t = 133 - 135. Let s be (63/t)/((-2)/24). Calculate the highest common factor of 14 and s.
14
Suppose 312 = g - 3*o, 3*g = 7*o + 838 + 90. Calculate the highest common divisor of g and 1644.
12
Let m(x) = 90*x + 835. Let j be m(-5). What is the greatest common divisor of j and 3955?
35
Suppose -9*n - 48 = -5*n. Let d be (-6)/(-2) - (-5)/5. Let b = d - n. What is the highest common factor of b and 64?
16
Let n(o) = -105*o + 30. Let t(w) = -w**2 - 19*w + 17. Let z be t(-20). Let g be n(z). What is the highest common divisor of g and 69?
69
Suppose 155*q + 15457 = 36537. What is the greatest common divisor of 1598 and q?
34
Suppose 4*h - 3*y - 3127 = 0, 2*y - 2274 = -2*h - 700. Calculate the greatest common factor of h and 980.
196
Let j = -611 + 1015. Suppose 10*u - 376 = j. Calculate the highest common factor of u and 39.
39
Let m = 5495 - 5231. Calculate the highest common factor of m and 312.
24
Let r be 33*(234/2 + 138/207). Calculate the greatest common divisor of r and 11.
11
Let r be 6/4*(-632)/(-12). Let c = r - 76. Let p = 36 - 33. What is the highest common divisor of c and p?
3
Let t = -491 - -500. Suppose 17*h - 26 = -t*h. What is the highest common divisor of 9 and h?
1
Let v = -14869 - -14875. Let b be 110 + 5/(10/(-4)). Calculate the highest common factor of v and b.
6
Let t(h) = -15*h - 7. Let l be t(-2). Suppose 68 = -9*i + l. Let v be (2/(-1) - (-49)/35)*i. What is the highest common factor of 48 and v?
3
Suppose 11*c = -15*c + 208. Suppose 72 = c*a - 120. Calculate the highest common divisor of 12 and a.
12
Suppose -a = -5*y + 14, 5*y - 2*a - 3 = 10. Suppose 0 = y*w - 1 - 59. Let g = w - -10. Calculate the highest common factor of 75 and g.
15
Let b = 3880 + -3387. What is the greatest common factor of 377 and b?
29
Let h(o) = 8*o**2 - 65*o + 158. Let x be h(5). Calculate the greatest common factor of 759 and x.
33
Let r(s) = 3*s**2 - 14*s + 12. Let a be r(4). Suppose 3*o = -2*f + 252, -o = a*o + 4*f - 420. Calculate the highest common divisor of o and 56.
28
Suppose 113*i = -84*i - 129*i + 13366. Suppose -s + 130 + 149 = -4*j, 1443 = 5*s + 4*j. Calculate the highest common factor of i and s.
41
Let p be (1/(-1) + 9)/((-6)/(-9)). Suppose 202 = p*h - 338. What is the greatest common factor of h and 5?
5
Let k be (-6)/10 - (-44)/(-10). Let x be 5730/(-25)*k - (-1 + 1). Suppose -5*v + x = 211. Calculate the highest common factor of 17 and v.
17
Suppose -2*k - 2 + 38 = 4*i, -34 = -2*i - 5*k. Let t be (2 - 0)/(i/49). What is the greatest common factor of 21 and t?
7
Suppose 3*h - 25 + 10 = 0. Let i be h + (-1 - (-2 - -4)). Suppose v + 3*v - 46 = -i*c, 0 = 3*c - 3. Calculate the highest common factor of v and 11.
11
Suppose -3*k + 6*k - 9 = 0. Let b(f) = -54*f + 52. Let h be b(1). Let j be (5 - (-82)/(-14))*(-5 + h). What is the greatest common divisor of j and k?
3
Suppose -118 = -9*y + 287. Suppose 5*h - 4*h = y. Suppose -a - 9 = -h. Calculate the greatest common factor of a and 4.
4
Suppose 68*m - 71*m + 2067 = 0. Let x = -644 + m. What is the highest common divisor of x and 60?
15
Let i be ((-125)/(-250))/((-2764)/11088 + (-1)/(-4)). What is the greatest common divisor of i and 1232?
77
Let h be (165/(-4))/(6 + (-350)/56). What is the greatest common factor